{"id":108,"date":"2020-08-31T15:57:13","date_gmt":"2020-08-31T15:57:13","guid":{"rendered":"https:\/\/www.xn--dengamleprstegrd-qobn.dk\/?page_id=108"},"modified":"2020-08-31T16:06:30","modified_gmt":"2020-08-31T16:06:30","slug":"omtale-af-gaarden","status":"publish","type":"page","link":"https:\/\/www.xn--dengamleprstegrd-qobn.dk\/index.php\/omtale-af-gaarden\/","title":{"rendered":"Omtale af g\u00e5rden"},"content":{"rendered":"\n<p>Vi har fundet en del omtale af pr\u00e6steg\u00e5rden i medierne. Vi har valgt ikke at kommentere nogen af opslagene.<\/p>\n\n\n\n<hr class=\"wp-block-separator\"\/>\n\n\n\n<p><strong>Sammenfatning fra Kristeligt Dagblad:<\/strong><\/p>\n\n\n\n<p><a href=\"https:\/\/www.kristeligt-dagblad.dk\/liv-sjael\/det-er-folkets-kirke-i-den-bedste-og-vaerste-forstand\" target=\"_blank\" rel=\"noreferrer noopener\">Det er folkets kirke i den bedste og v\u00e6rste forstand<\/a><\/p>\n\n\n\n<p><\/p>\n\n\n\n<p><strong>Fra Quislemark.dk:<\/strong><\/p>\n\n\n\n<p><a href=\"http:\/\/www.quislemark.dk\/434094233\" target=\"_blank\" rel=\"noreferrer noopener\">Pr\u00e6steg\u00e5rden<\/a><\/p>\n\n\n\n<p><\/p>\n\n\n\n<p><strong>Sj\u00e6llandske nyheder:<\/strong><\/p>\n\n\n\n<p><a href=\"https:\/\/sn.dk\/Naestved\/Ny-plan-Det-skal-der-ske-med-svampebefaengt-praestegaard\/artikel\/643575\" target=\"_blank\" rel=\"noreferrer noopener\">Ny plan: Det skal der ske med svampebef\u00e6ngt pr\u00e6steg\u00e5rd<\/a><\/p>\n\n\n\n<p><a href=\"https:\/\/sn.dk\/Naestved\/Menighedsraad-giver-op-Saelger-svamperamt-praestegaard\/artikel\/742595\" target=\"_blank\" rel=\"noreferrer noopener\">Menighedsr\u00e5d giver op: S\u00e6lger svamperamt pr\u00e6steg\u00e5rd<\/a><\/p>\n\n\n\n<p><a href=\"https:\/\/sn.dk\/Naestved\/Koeb-din-egen-praestegaard-fuld-af-skimmelsvamp\/artikel\/1295860\" target=\"_blank\" rel=\"noreferrer noopener\">K\u00f8b din egen pr\u00e6steg\u00e5rd fuld af skimmelsvamp<\/a><\/p>\n\n\n\n<p><a href=\"https:\/\/sn.dk\/Naestved\/Praestegaard-solgt-til-Lyngby-par\/artikel\/1338342\" target=\"_blank\" rel=\"noreferrer noopener\">Pr\u00e6steg\u00e5rd solgt til Lyngby-par<\/a><\/p>\n\n\n\n<p><\/p>\n\n\n\n<p><strong>Naestved.netavis.dk<\/strong><\/p>\n\n\n\n<p><a href=\"https:\/\/naestved.netavis.dk\/skaebnedag-kvislemark-praestegaard\/\" target=\"_blank\" rel=\"noreferrer noopener\">Sk\u00e6bnedag for Kvislemark Pr\u00e6steg\u00e5rd?<\/a><\/p>\n","protected":false},"excerpt":{"rendered":"<p>Vi har fundet en del omtale af pr\u00e6steg\u00e5rden i medierne. Vi har valgt ikke at kommentere nogen af opslagene. Sammenfatning fra Kristeligt Dagblad: Det er folkets kirke i den bedste og v\u00e6rste forstand Fra Quislemark.dk: Pr\u00e6steg\u00e5rden Sj\u00e6llandske nyheder: Ny plan: Det skal der ske med svampebef\u00e6ngt pr\u00e6steg\u00e5rd Menighedsr\u00e5d giver op: S\u00e6lger svamperamt pr\u00e6steg\u00e5rd K\u00f8b din [&hellip;]<\/p>\n","protected":false},"author":1,"featured_media":0,"parent":0,"menu_order":0,"comment_status":"closed","ping_status":"closed","template":"","meta":{"footnotes":""},"_links":{"self":[{"href":"https:\/\/www.xn--dengamleprstegrd-qobn.dk\/index.php\/wp-json\/wp\/v2\/pages\/108"}],"collection":[{"href":"https:\/\/www.xn--dengamleprstegrd-qobn.dk\/index.php\/wp-json\/wp\/v2\/pages"}],"about":[{"href":"https:\/\/www.xn--dengamleprstegrd-qobn.dk\/index.php\/wp-json\/wp\/v2\/types\/page"}],"author":[{"embeddable":true,"href":"https:\/\/www.xn--dengamleprstegrd-qobn.dk\/index.php\/wp-json\/wp\/v2\/users\/1"}],"replies":[{"embeddable":true,"href":"https:\/\/www.xn--dengamleprstegrd-qobn.dk\/index.php\/wp-json\/wp\/v2\/comments?post=108"}],"version-history":[{"count":5,"href":"https:\/\/www.xn--dengamleprstegrd-qobn.dk\/index.php\/wp-json\/wp\/v2\/pages\/108\/revisions"}],"predecessor-version":[{"id":114,"href":"https:\/\/www.xn--dengamleprstegrd-qobn.dk\/index.php\/wp-json\/wp\/v2\/pages\/108\/revisions\/114"}],"wp:attachment":[{"href":"https:\/\/www.xn--dengamleprstegrd-qobn.dk\/index.php\/wp-json\/wp\/v2\/media?parent=108"}],"curies":[{"name":"wp","href":"https:\/\/api.w.org\/{rel}","templated":true}]}}